ivative of 15*k**2 - 38*k - 15. Let f be u(-11). Let n = 528 + f. What is the units digit of n?
0
Suppose 15*a = 6776 + 53903 + 24926. What is the units digit of a?
7
Suppose 4 = -5*z - 1, -5*z + 11195 = 2*h. Suppose -5*a + h = 11*a. What is the hundreds digit of a?
3
Let w be -8 + (7 - (-4 + 0)). Suppose -7061 = -5*y - 7*g + 11*g, w*y - 4243 = 4*g. What is the units digit of y?
9
What is the thousands digit of (0 + (-26)/(-5))/(8/11980)?
7
Suppose f + 155 = -83. Let m = f + 354. Let w = m - -158. What is the tens digit of w?
7
Suppose 0*y - y - 3 = 0. Let b(o) be the second derivative of -7*o**3/2 - 3*o**2 + 1507*o. What is the tens digit of b(y)?
5
Let q(h) = -5 + 40 - 16*h**2 + h**3 + 7*h - 7 + 33*h**2. Let f be q(-16). Suppose -3*p - 3 = -5*x - f, 3*x = 3. What is the tens digit of p?
5
Suppose -2*d - 180 = 3*q, -320 = 4*d - 5*q + q. Let o = 86 + d. Suppose 835 = 5*w + 3*l + o*l, 2*l - 841 = -5*w. What is the hundreds digit of w?
1
What is the units digit of (-52422)/(-22) - (-36)/198?
3
Let w = 46834 + -3235. What is the ten thousands digit of w?
4
Suppose 2*v = 2*g, g + g - 3*v = -4. Suppose -5*j - 15 = 0, -g*q - 2*j - 210 = -32. Let a = 26 - q. What is the units digit of a?
9
Let r = -145 + 127. Let k be (1 - (-26)/r)/(6/(-27)). What is the units digit of (k/(-1) - 62)*(4 - 6)?
8
Suppose 5*h + 15 = 0, 2*q + 2*q - 5*h + 69 = 0. Let r = q - -51. What is the tens digit of r?
3
Let y = -4056 + 7843. What is the tens digit of y?
8
Suppose -3*y + 7*y - 121 = 3*l, -4*l = -2*y + 148. Let b = l + 43. What is the units digit of (95 + 3)/(b/12)?
7
Suppose 39*s - 159985 = -10*s. Suppose s = -k + 3849. What is the units digit of k?
4
Let t(c) = 10*c**2 + 7*c - 24. Suppose 4*y - 29 = -3*g, -3*y - 13*g + 21 = -11*g. What is the hundreds digit of t(y)?
2
Let b(z) be the first derivative of z**3/3 - z**2/2 - 8*z - 19. Let q be b(-3). Suppose 0*v - 696 = -q*h - 3*v, v = -4*h + 696. What is the units digit of h?
4
Suppose -2*l + 2 - 10 = 0, -5*q = -4*l - 46. What is the units digit of -5 + -3 + q - (-4 + -183)?
5
Suppose 4*p = -2*h - 2*h + 40, -p + h = -4. Suppose -p*x + 681 + 1111 = 0. What is the units digit of x?
6
Let h = -129 + 292. Suppose h = 2*p - 475. What is the tens digit of p?
1
Let h = 969 + -483. Let t = h - -563. What is the hundreds digit of t?
0
Suppose 8*h + 228 = -260. Let k = -58 - h. Suppose -5*n = 5*a - 110, -2*n + 3*n - k*a = 2. What is the units digit of n?
7
Suppose -5*r - 13*r - 17377 + 43279 = 0. What is the units digit of r?
9
Let c = 416 - 136. Let j(v) = 12*v + 327. Let x be j(-27). Suppose 2*f + x*u - 140 = 0, 0 = -4*f - 0*u + 4*u + c. What is the units digit of f?
0
Let z be (-2 - 3) + 4 - -4. Suppose 439 + 575 = z*o. What is the units digit of o/18 + 9/(81/2)?
9
Suppose -193*y - 314132 = -221*y. What is the ten thousands digit of y?
1
Let h = -13 + 15. Suppose -4*c - 90 - 166 = 5*m, 40 = -m + h*c. Let t = m - -58. What is the tens digit of t?
1
Let c be 27/((2 + 0)/32). Suppose -20 = -j - 3*o, -6*j = o - 3*o - 20. What is the units digit of (1 - j)/((-9)/c)?
2
Let b(t) = t**3 + 6*t**2 - 6*t + 4. Let s(m) = -2*m**2 - 28*m - 15. Let f be s(-13). Let g be -1 + -1 - 44/f. What is the tens digit of b(g)?
4
Suppose -62*x = -38*x - 157224. What is the hundreds digit of x?
5
Let u = -283 + 443. Suppose 344 = 2*y + u. What is the tens digit of y?
9
Suppose -3*u + z + 446 = 0, -u + 2*z - 440 = -4*u. Suppose 0 = -u*b + 147*b + 1202. What is the hundreds digit of b?
2
Suppose -76784 = -5*q - h, 80*q - h + 61427 = 84*q. What is the hundreds digit of q?
3
Suppose 5*w - 20 = 0, 3*i - 235439 = -3*w - 83396. What is the units digit of i?
7
Let l(u) = -191*u + 5. Let j(p) = -957*p + 25. Let x(r) = -2*j(r) + 11*l(r). What is the units digit of x(-1)?
2
Suppose 28*x - 6 = 26*x. Suppose 4*b - 5*w + 10 = 0, 4 + 6 = b + 5*w. Suppose 2*r + r = -4*d + 260, x*d - 15 = b. What is the units digit of r?
0
Suppose 69*u - 1113807 = 213753. What is the units digit of u?
0
Let n be ((-2)/(-2))/(12/(-132)). Let d = n + 15. Suppose 148 = 6*u - d*u. What is the tens digit of u?
7
Suppose 0 = 2*b + 2, -s - 556*b + 552*b = -13475. What is the ten thousands digit of s?
1
Suppose 290*p - 2668752 = 146*p. What is the tens digit of p?
3
Suppose 3*a = 14*a - 176. Suppose 30*y - 2198 = a*y. What is the tens digit of y?
5
Let d(m) = -68*m**3 + 32*m**2 + 21*m - 11. What is the units digit of d(-8)?
5
Suppose -1628 = -5*c + 1122. Suppose 5*j - 3*j = c. Suppose -3*p - 3*h = -423, -j = -5*p - 4*h + 430. What is the tens digit of p?
4
Let q = 16061 + -9928. What is the thousands digit of q?
6
Let k = -27942 + 50025. What is the tens digit of k?
8
Let d(j) = j**2 - 17. Let i be d(0). What is the units digit of 3 + 2/i + 144/68?
5
Suppose -4*j = 0, -u + 2*j = -u + 4*u - 86212. What is the thousands digit of u?
1
Suppose 5966 = 2*w + 2*s - 14340, 4*s = w - 10148. What is the units digit of w?
2
Let d = -410 + 950. What is the hundreds digit of 5/(3/d*4)?
2
Let v be -4 + 156/(-9)*-12. Suppose 0 = -f + d + v, 0 = 4*f - 3*f + d - 196. Suppose 2*s - 116 = 4*t - 26, 4*s - f = 3*t. What is the units digit of s?
3
Let y(f) = 4594*f**2 - 10*f - 41. What is the units digit of y(-3)?
5
Let o(c) = 237*c - 1811. What is the thousands digit of o(36)?
6
Let j(m) be the third derivative of 4*m**4/3 - 41*m**3/6 - 61*m**2. What is the hundreds digit of j(5)?
1
Suppose -10*h + 30778 = -22342. Suppose -17*r + h = -r. What is the hundreds digit of r?
3
Let q(x) = 3*x + 2*x**2 - 10 - 4*x**2 - x**3 + 6*x**3 + 4*x. What is the hundreds digit of q(4)?
3
Let s(a) = a**3 - 2*a**3 + 85*a - 64 + 14*a**2 - 79*a. What is the hundreds digit of s(11)?
3
Suppose 3465 = -p + 10*p. Suppose k = 8*k - p. Let v = k + -35. What is the units digit of v?
0
Suppose 0 = 5*b - 18 - 107. Suppose 2*a - b = -3*a. What is the units digit of (-2)/a - (-10149)/85?
9
Let v(r) = 1174*r - 37. Let p be v(1). Suppose y + 2*y - p = 0. What is the tens digit of y?
7
Suppose 3*s - 55 = q, -q - q - 101 = -3*s. Let a = q - -49. Suppose 7*d = a*u + 8*d - 429, 2*u - 285 = -d. What is the units digit of u?
4
Suppose 2*w = -4*k + 95646, 119564 = 13*k - 8*k - 4*w. What is the thousands digit of k?
3
Suppose 160*a = 30*a + 512460. What is the hundreds digit of a?
9
Let q = 16503 - 26485. What is the units digit of ((-1)/(-6) + q/84)*-6?
2
Let l = 2 + 1. Let m be (-17)/((-238)/4) + 1902/7. Suppose -2*v = q - v - 126, -2*q + m = -l*v. What is the tens digit of q?
3
Suppose 3 + 9 = -4*z, 12 = 3*j - z. Suppose 7 = -j*p - b + 20, -3*b = -5*p + 3. Suppose 565 = p*r - d + 6*d, 3*r = 3*d + 573. What is the hundreds digit of r?
1
Let a = -179 - -187. What is the tens digit of a/(-10) - (-6128)/10?
1
Let s = 866 + 8611. What is the tens digit of s?
7
Let j(u) = -11*u**2 + 0*u**2 - 4*u**2 + 36*u + 12 + 2*u**3. What is the units digit of j(6)?
0
What is the thousands digit of (3 + -2 + 28)/((-120887)/4836 + 25)?
0
Suppose -56*m = -46*m - 20. What is the units digit of 961 + -3*m/((-12)/(-6))?
8
Let d(k) = -3*k**3 + 118*k**2 - 140*k + 116. What is the tens digit of d(38)?
7
Let k = -33266 + 82817. What is the units digit of k?
1
Suppose 4*p - 473 + 463 = -5*q, -3*p + 5 = 5*q. Let r(m) be the first derivative of 11*m**3 - 3*m**2/2 - m + 1. What is the tens digit of r(q)?
3
Suppose 0 = 16*t + 3039 - 26319. What is the hundreds digit of t?
4
Let i be ((-9)/(-6))/(2/(-4)). Let j be 48/20*(-20)/i. What is the tens digit of 21528/84 - (-2 - j/(-7))?
5
Let j(v) = 53*v + 2. Let n be j(4). Let y = -153 + n. Let s = y - -2. What is the units digit of s?
3
Let h be (13/4 - -2)/(3/4). Suppose d + 2827 = 2*t, -3*t + 4254 = h*d - 4*d. What is the thousands digit of t?
1
Suppose 4*g + 3*k = 169738, 7*g + 5*k - 198788 = 98253. What is the hundreds digit of g?
4
Let f(q) = -3*q**2 - 16*q - 14. Let k be f(-12). Let w = 423 + k. What is the hundreds digit of w?
1
Suppose -2*q + 0*q + 17 = 5*b, b - 3*q = 0. Suppose 4*z + 6*h - 257 = b*h, -355 = -5*z + 3*h. Let i = z - 25. What is the tens digit of i?
4
Let y = 65 + -63. Suppose y*a = 4*a - 276. Suppose 4*w + a - 462 = 0. What is the tens digit of w?
8
Let t = -409 + 413. Suppose 7910 = 3*v + t*v. What is the units digit of v?
0
What is the units digit of (21/(-6))/(54/(-33804))?
1
Let t be -4 + 6 - (-4 + 2). Suppose 